{"id":190,"date":"2022-01-05T14:15:05","date_gmt":"2022-01-05T13:15:05","guid":{"rendered":"http:\/\/yermatbier.fr\/?post_type=product&#038;p=190"},"modified":"2024-03-02T10:02:38","modified_gmt":"2024-03-02T09:02:38","slug":"an-oriant-33cl","status":"publish","type":"product","link":"https:\/\/yermatbier.fr\/?product=an-oriant-33cl","title":{"rendered":"An oriant 33cl"},"content":{"rendered":"<p><strong><em>Bi\u00e8re blonde au malt fum\u00e9 et au karigoss\u00a06\u00b0<\/em><\/strong><\/p>\n<p><strong>La petite histoire:<\/strong><\/p>\n<p>L&rsquo;An Oriant a \u00e9t\u00e9 cr\u00e9e en janvier\u00a0 2018 pour les 400 ans de Port Louis<\/p>\n<p>La bi\u00e8re et l&rsquo;\u00e9tiquette repr\u00e9sente Lorient \u00e0 l&rsquo;\u00e9poque avec ses poissons fum\u00e9s sur le port pour les conserver durant les longues travers\u00e9e<\/p>\n<p>C&rsquo;est a cette \u00e9poque que Mr Gosse pharmacien apothicaire de Lorient eut l&rsquo;id\u00e9e de cr\u00e9er un curry inspir\u00e9 de la Compagnie des indes : le kari gosse<\/p>\n<p>La bi\u00e8re a \u00e9t\u00e9 m\u00e9daill\u00e9 d&rsquo;or au salon de l&rsquo;agriculture en 2018<\/p>\n","protected":false},"excerpt":{"rendered":"<p>Bi\u00e8re blonde au malt fum\u00e9 et au karigoss\u00a06\u00b0 La petite histoire: L&rsquo;An Oriant a \u00e9t\u00e9 cr\u00e9e en janvier\u00a0 2018 pour les 400 ans de Port Louis La bi\u00e8re et l&rsquo;\u00e9tiquette repr\u00e9sente Lorient \u00e0 l&rsquo;\u00e9poque avec ses poissons fum\u00e9s sur le port pour les conserver durant les longues travers\u00e9e C&rsquo;est a cette \u00e9poque que Mr Gosse pharmacien apothicaire de Lorient eut l&rsquo;id\u00e9e de cr\u00e9er un curry inspir\u00e9 de la Compagnie des indes : le kari gosse La bi\u00e8re a \u00e9t\u00e9 m\u00e9daill\u00e9 d&rsquo;or au salon de l&rsquo;agriculture en 2018<\/p>\n","protected":false},"featured_media":191,"template":"","meta":{"neve_meta_sidebar":"","neve_meta_container":"","neve_meta_enable_content_width":"off","neve_meta_content_width":100,"neve_meta_title_alignment":"","neve_meta_author_avatar":"","neve_post_elements_order":"","neve_meta_disable_header":"","neve_meta_disable_footer":"","neve_meta_disable_title":""},"product_brand":[],"product_cat":[19],"product_tag":[29],"class_list":{"0":"post-190","1":"product","2":"type-product","3":"status-publish","4":"has-post-thumbnail","6":"product_cat-bier","7":"product_tag-biere","9":"first","10":"instock","11":"shipping-taxable","12":"purchasable","13":"product-type-simple"},"yoast_head":"<!-- This site is optimized with the Yoast SEO plugin v27.4 - https:\/\/yoast.com\/product\/yoast-seo-wordpress\/ -->\n<title>An oriant 33cl - YermatBier<\/title>\n<meta name=\"robots\" content=\"index, follow, max-snippet:-1, max-image-preview:large, max-video-preview:-1\" \/>\n<link rel=\"canonical\" href=\"https:\/\/yermatbier.fr\/?product=an-oriant-33cl\" \/>\n<meta property=\"og:locale\" content=\"fr_FR\" \/>\n<meta property=\"og:type\" content=\"article\" \/>\n<meta property=\"og:title\" content=\"An oriant 33cl - YermatBier\" \/>\n<meta property=\"og:description\" content=\"Bi\u00e8re blonde au malt fum\u00e9 et au karigoss\u00a06\u00b0 La petite histoire: L&rsquo;An Oriant a \u00e9t\u00e9 cr\u00e9e en janvier\u00a0 2018 pour les 400 ans de Port Louis La bi\u00e8re et l&rsquo;\u00e9tiquette repr\u00e9sente Lorient \u00e0 l&rsquo;\u00e9poque avec ses poissons fum\u00e9s sur le port pour les conserver durant les longues travers\u00e9e C&rsquo;est a cette \u00e9poque que Mr Gosse pharmacien apothicaire de Lorient eut l&rsquo;id\u00e9e de cr\u00e9er un curry inspir\u00e9 de la Compagnie des indes : le kari gosse La bi\u00e8re a \u00e9t\u00e9 m\u00e9daill\u00e9 d&rsquo;or au salon de l&rsquo;agriculture en 2018\" \/>\n<meta property=\"og:url\" content=\"https:\/\/yermatbier.fr\/?product=an-oriant-33cl\" \/>\n<meta property=\"og:site_name\" content=\"YermatBier\" \/>\n<meta property=\"article:modified_time\" content=\"2024-03-02T09:02:38+00:00\" \/>\n<meta property=\"og:image\" content=\"https:\/\/yermatbier.fr\/wp-content\/uploads\/2022\/01\/ANORIANT33CL.jpg\" \/>\n\t<meta property=\"og:image:width\" content=\"960\" \/>\n\t<meta property=\"og:image:height\" content=\"720\" \/>\n\t<meta property=\"og:image:type\" content=\"image\/jpeg\" \/>\n<meta name=\"twitter:card\" content=\"summary_large_image\" \/>\n<meta name=\"twitter:label1\" content=\"Dur\u00e9e de lecture estim\u00e9e\" \/>\n\t<meta name=\"twitter:data1\" content=\"1 minute\" \/>\n<script type=\"application\/ld+json\" class=\"yoast-schema-graph\">{\"@context\":\"https:\\\/\\\/schema.org\",\"@graph\":[{\"@type\":\"WebPage\",\"@id\":\"https:\\\/\\\/yermatbier.fr\\\/?product=an-oriant-33cl\",\"url\":\"https:\\\/\\\/yermatbier.fr\\\/?product=an-oriant-33cl\",\"name\":\"An oriant 33cl - YermatBier\",\"isPartOf\":{\"@id\":\"https:\\\/\\\/yermatbier.fr\\\/#website\"},\"primaryImageOfPage\":{\"@id\":\"https:\\\/\\\/yermatbier.fr\\\/?product=an-oriant-33cl#primaryimage\"},\"image\":{\"@id\":\"https:\\\/\\\/yermatbier.fr\\\/?product=an-oriant-33cl#primaryimage\"},\"thumbnailUrl\":\"https:\\\/\\\/yermatbier.fr\\\/wp-content\\\/uploads\\\/2022\\\/01\\\/ANORIANT33CL.jpg\",\"datePublished\":\"2022-01-05T13:15:05+00:00\",\"dateModified\":\"2024-03-02T09:02:38+00:00\",\"breadcrumb\":{\"@id\":\"https:\\\/\\\/yermatbier.fr\\\/?product=an-oriant-33cl#breadcrumb\"},\"inLanguage\":\"fr-FR\",\"potentialAction\":[{\"@type\":\"ReadAction\",\"target\":[\"https:\\\/\\\/yermatbier.fr\\\/?product=an-oriant-33cl\"]}]},{\"@type\":\"ImageObject\",\"inLanguage\":\"fr-FR\",\"@id\":\"https:\\\/\\\/yermatbier.fr\\\/?product=an-oriant-33cl#primaryimage\",\"url\":\"https:\\\/\\\/yermatbier.fr\\\/wp-content\\\/uploads\\\/2022\\\/01\\\/ANORIANT33CL.jpg\",\"contentUrl\":\"https:\\\/\\\/yermatbier.fr\\\/wp-content\\\/uploads\\\/2022\\\/01\\\/ANORIANT33CL.jpg\",\"width\":960,\"height\":720},{\"@type\":\"BreadcrumbList\",\"@id\":\"https:\\\/\\\/yermatbier.fr\\\/?product=an-oriant-33cl#breadcrumb\",\"itemListElement\":[{\"@type\":\"ListItem\",\"position\":1,\"name\":\"Accueil\",\"item\":\"https:\\\/\\\/yermatbier.fr\\\/\"},{\"@type\":\"ListItem\",\"position\":2,\"name\":\"Boutique\",\"item\":\"https:\\\/\\\/yermatbier.fr\\\/?page_id=312\"},{\"@type\":\"ListItem\",\"position\":3,\"name\":\"An oriant 33cl\"}]},{\"@type\":\"WebSite\",\"@id\":\"https:\\\/\\\/yermatbier.fr\\\/#website\",\"url\":\"https:\\\/\\\/yermatbier.fr\\\/\",\"name\":\"YermatBier\",\"description\":\"brasserie artisanale et ind\u00e9pendante \",\"publisher\":{\"@id\":\"https:\\\/\\\/yermatbier.fr\\\/#organization\"},\"potentialAction\":[{\"@type\":\"SearchAction\",\"target\":{\"@type\":\"EntryPoint\",\"urlTemplate\":\"https:\\\/\\\/yermatbier.fr\\\/?s={search_term_string}\"},\"query-input\":{\"@type\":\"PropertyValueSpecification\",\"valueRequired\":true,\"valueName\":\"search_term_string\"}}],\"inLanguage\":\"fr-FR\"},{\"@type\":\"Organization\",\"@id\":\"https:\\\/\\\/yermatbier.fr\\\/#organization\",\"name\":\"micro brasserie yermatbier locmiqu\u00e9lic\",\"url\":\"https:\\\/\\\/yermatbier.fr\\\/\",\"logo\":{\"@type\":\"ImageObject\",\"inLanguage\":\"fr-FR\",\"@id\":\"https:\\\/\\\/yermatbier.fr\\\/#\\\/schema\\\/logo\\\/image\\\/\",\"url\":\"https:\\\/\\\/yermatbier.fr\\\/wp-content\\\/uploads\\\/2022\\\/01\\\/244414436_1555273158154322_5968613582070822783-moyen-_n.png\",\"contentUrl\":\"https:\\\/\\\/yermatbier.fr\\\/wp-content\\\/uploads\\\/2022\\\/01\\\/244414436_1555273158154322_5968613582070822783-moyen-_n.png\",\"width\":1596,\"height\":1252,\"caption\":\"micro brasserie yermatbier locmiqu\u00e9lic\"},\"image\":{\"@id\":\"https:\\\/\\\/yermatbier.fr\\\/#\\\/schema\\\/logo\\\/image\\\/\"}}]}<\/script>\n<!-- \/ Yoast SEO plugin. -->","yoast_head_json":{"title":"An oriant 33cl - YermatBier","robots":{"index":"index","follow":"follow","max-snippet":"max-snippet:-1","max-image-preview":"max-image-preview:large","max-video-preview":"max-video-preview:-1"},"canonical":"https:\/\/yermatbier.fr\/?product=an-oriant-33cl","og_locale":"fr_FR","og_type":"article","og_title":"An oriant 33cl - YermatBier","og_description":"Bi\u00e8re blonde au malt fum\u00e9 et au karigoss\u00a06\u00b0 La petite histoire: L&rsquo;An Oriant a \u00e9t\u00e9 cr\u00e9e en janvier\u00a0 2018 pour les 400 ans de Port Louis La bi\u00e8re et l&rsquo;\u00e9tiquette repr\u00e9sente Lorient \u00e0 l&rsquo;\u00e9poque avec ses poissons fum\u00e9s sur le port pour les conserver durant les longues travers\u00e9e C&rsquo;est a cette \u00e9poque que Mr Gosse pharmacien apothicaire de Lorient eut l&rsquo;id\u00e9e de cr\u00e9er un curry inspir\u00e9 de la Compagnie des indes : le kari gosse La bi\u00e8re a \u00e9t\u00e9 m\u00e9daill\u00e9 d&rsquo;or au salon de l&rsquo;agriculture en 2018","og_url":"https:\/\/yermatbier.fr\/?product=an-oriant-33cl","og_site_name":"YermatBier","article_modified_time":"2024-03-02T09:02:38+00:00","og_image":[{"width":960,"height":720,"url":"https:\/\/yermatbier.fr\/wp-content\/uploads\/2022\/01\/ANORIANT33CL.jpg","type":"image\/jpeg"}],"twitter_card":"summary_large_image","twitter_misc":{"Dur\u00e9e de lecture estim\u00e9e":"1 minute"},"schema":{"@context":"https:\/\/schema.org","@graph":[{"@type":"WebPage","@id":"https:\/\/yermatbier.fr\/?product=an-oriant-33cl","url":"https:\/\/yermatbier.fr\/?product=an-oriant-33cl","name":"An oriant 33cl - YermatBier","isPartOf":{"@id":"https:\/\/yermatbier.fr\/#website"},"primaryImageOfPage":{"@id":"https:\/\/yermatbier.fr\/?product=an-oriant-33cl#primaryimage"},"image":{"@id":"https:\/\/yermatbier.fr\/?product=an-oriant-33cl#primaryimage"},"thumbnailUrl":"https:\/\/yermatbier.fr\/wp-content\/uploads\/2022\/01\/ANORIANT33CL.jpg","datePublished":"2022-01-05T13:15:05+00:00","dateModified":"2024-03-02T09:02:38+00:00","breadcrumb":{"@id":"https:\/\/yermatbier.fr\/?product=an-oriant-33cl#breadcrumb"},"inLanguage":"fr-FR","potentialAction":[{"@type":"ReadAction","target":["https:\/\/yermatbier.fr\/?product=an-oriant-33cl"]}]},{"@type":"ImageObject","inLanguage":"fr-FR","@id":"https:\/\/yermatbier.fr\/?product=an-oriant-33cl#primaryimage","url":"https:\/\/yermatbier.fr\/wp-content\/uploads\/2022\/01\/ANORIANT33CL.jpg","contentUrl":"https:\/\/yermatbier.fr\/wp-content\/uploads\/2022\/01\/ANORIANT33CL.jpg","width":960,"height":720},{"@type":"BreadcrumbList","@id":"https:\/\/yermatbier.fr\/?product=an-oriant-33cl#breadcrumb","itemListElement":[{"@type":"ListItem","position":1,"name":"Accueil","item":"https:\/\/yermatbier.fr\/"},{"@type":"ListItem","position":2,"name":"Boutique","item":"https:\/\/yermatbier.fr\/?page_id=312"},{"@type":"ListItem","position":3,"name":"An oriant 33cl"}]},{"@type":"WebSite","@id":"https:\/\/yermatbier.fr\/#website","url":"https:\/\/yermatbier.fr\/","name":"YermatBier","description":"brasserie artisanale et ind\u00e9pendante ","publisher":{"@id":"https:\/\/yermatbier.fr\/#organization"},"potentialAction":[{"@type":"SearchAction","target":{"@type":"EntryPoint","urlTemplate":"https:\/\/yermatbier.fr\/?s={search_term_string}"},"query-input":{"@type":"PropertyValueSpecification","valueRequired":true,"valueName":"search_term_string"}}],"inLanguage":"fr-FR"},{"@type":"Organization","@id":"https:\/\/yermatbier.fr\/#organization","name":"micro brasserie yermatbier locmiqu\u00e9lic","url":"https:\/\/yermatbier.fr\/","logo":{"@type":"ImageObject","inLanguage":"fr-FR","@id":"https:\/\/yermatbier.fr\/#\/schema\/logo\/image\/","url":"https:\/\/yermatbier.fr\/wp-content\/uploads\/2022\/01\/244414436_1555273158154322_5968613582070822783-moyen-_n.png","contentUrl":"https:\/\/yermatbier.fr\/wp-content\/uploads\/2022\/01\/244414436_1555273158154322_5968613582070822783-moyen-_n.png","width":1596,"height":1252,"caption":"micro brasserie yermatbier locmiqu\u00e9lic"},"image":{"@id":"https:\/\/yermatbier.fr\/#\/schema\/logo\/image\/"}}]}},"_links":{"self":[{"href":"https:\/\/yermatbier.fr\/index.php?rest_route=\/wp\/v2\/product\/190","targetHints":{"allow":["GET"]}}],"collection":[{"href":"https:\/\/yermatbier.fr\/index.php?rest_route=\/wp\/v2\/product"}],"about":[{"href":"https:\/\/yermatbier.fr\/index.php?rest_route=\/wp\/v2\/types\/product"}],"version-history":[{"count":1,"href":"https:\/\/yermatbier.fr\/index.php?rest_route=\/wp\/v2\/product\/190\/revisions"}],"predecessor-version":[{"id":741,"href":"https:\/\/yermatbier.fr\/index.php?rest_route=\/wp\/v2\/product\/190\/revisions\/741"}],"wp:featuredmedia":[{"embeddable":true,"href":"https:\/\/yermatbier.fr\/index.php?rest_route=\/wp\/v2\/media\/191"}],"wp:attachment":[{"href":"https:\/\/yermatbier.fr\/index.php?rest_route=%2Fwp%2Fv2%2Fmedia&parent=190"}],"wp:term":[{"taxonomy":"product_brand","embeddable":true,"href":"https:\/\/yermatbier.fr\/index.php?rest_route=%2Fwp%2Fv2%2Fproduct_brand&post=190"},{"taxonomy":"product_cat","embeddable":true,"href":"https:\/\/yermatbier.fr\/index.php?rest_route=%2Fwp%2Fv2%2Fproduct_cat&post=190"},{"taxonomy":"product_tag","embeddable":true,"href":"https:\/\/yermatbier.fr\/index.php?rest_route=%2Fwp%2Fv2%2Fproduct_tag&post=190"}],"curies":[{"name":"wp","href":"https:\/\/api.w.org\/{rel}","templated":true}]}}