{"id":120,"date":"2022-01-04T09:58:26","date_gmt":"2022-01-04T08:58:26","guid":{"rendered":"http:\/\/yermatbier.fr\/?page_id=120"},"modified":"2026-04-14T15:32:20","modified_gmt":"2026-04-14T13:32:20","slug":"point-de-vente","status":"publish","type":"page","link":"https:\/\/yermatbier.fr\/?page_id=120","title":{"rendered":"Point de vente"},"content":{"rendered":"\t\t<div data-elementor-type=\"wp-page\" data-elementor-id=\"120\" class=\"elementor elementor-120\">\n\t\t\t\t\t\t<section class=\"elementor-section elementor-top-section elementor-element elementor-element-506d2bed elementor-section-boxed elementor-section-height-default elementor-section-height-default wpr-particle-no wpr-jarallax-no wpr-parallax-no wpr-sticky-section-no\" data-id=\"506d2bed\" data-element_type=\"section\" data-e-type=\"section\">\n\t\t\t\t\t\t<div class=\"elementor-container elementor-column-gap-default\">\n\t\t\t\t\t<div class=\"elementor-column elementor-col-100 elementor-top-column elementor-element elementor-element-53c86aef\" data-id=\"53c86aef\" data-element_type=\"column\" data-e-type=\"column\">\n\t\t\t<div class=\"elementor-widget-wrap elementor-element-populated\">\n\t\t\t\t\t\t<div class=\"elementor-element elementor-element-35c6ac6e elementor-widget elementor-widget-text-editor\" data-id=\"35c6ac6e\" data-element_type=\"widget\" data-e-type=\"widget\" data-widget_type=\"text-editor.default\">\n\t\t\t\t<div class=\"elementor-widget-container\">\n\t\t\t\t\t\t\t\t\t<p><\/p>\n<div class=\"wp-block-spacer\" style=\"height: 37px;\" aria-hidden=\"true\">&nbsp;<\/div>\n<p><\/p>\n<div class=\"wp-block-media-text alignwide is-stacked-on-mobile\">\n<figure class=\"wp-block-media-text__media\"><img fetchpriority=\"high\" decoding=\"async\" width=\"1024\" height=\"696\" class=\"wp-image-209 size-full\" src=\"https:\/\/yermatbier.fr\/wp-content\/uploads\/2022\/01\/Capture-1024x696.png\" alt=\"\" srcset=\"https:\/\/yermatbier.fr\/wp-content\/uploads\/2022\/01\/Capture-1024x696.png 1024w, https:\/\/yermatbier.fr\/wp-content\/uploads\/2022\/01\/Capture-600x408.png 600w, https:\/\/yermatbier.fr\/wp-content\/uploads\/2022\/01\/Capture-300x204.png 300w, https:\/\/yermatbier.fr\/wp-content\/uploads\/2022\/01\/Capture-768x522.png 768w, https:\/\/yermatbier.fr\/wp-content\/uploads\/2022\/01\/Capture-1536x1045.png 1536w, https:\/\/yermatbier.fr\/wp-content\/uploads\/2022\/01\/Capture.png 1741w\" sizes=\"(max-width: 1024px) 100vw, 1024px\" \/><\/figure>\n<div class=\"wp-block-media-text__content\"><p><\/p>\n<p class=\"has-large-font-size\">La brasserie :<\/p>\n<p><\/p>\n<p>Situ\u00e9e zone de Kervern \u00e0 Locmiqu\u00e9lic , vous pouvez venir directement vous y ravitailler , visiter et bient\u00f4t boire une petite mousse sur place .<\/p>\n<p><\/p><\/div>\n<\/div>\n<p><\/p>\n<div class=\"wp-block-spacer\" style=\"height: 14px;\" aria-hidden=\"true\">&nbsp;<\/div>\n<p><\/p>\n<p class=\"has-text-align-center\" style=\"font-size: 30px;\"><strong>Les points de vente partenaires : <\/strong><\/p>\n<p><\/p>\n<p class=\"has-text-align-center has-text-color\" style=\"color: #a30003;\"><strong>Rouge <\/strong>: La brasserie<\/p>\n<p><\/p>\n<p class=\"has-text-align-center has-neve-link-hover-color-color has-text-color\"><strong>Jaune <\/strong>: Points de vente partenaires&nbsp;<\/p>\n<p><\/p><center><iframe src=\"https:\/\/www.google.com\/maps\/d\/u\/2\/embed?mid=1E7FJkgwVxsiaY7DTbAqe1TkIDHBt_-Mg&amp;ehbc=2E312F\" width=\"640\" height=\"480\"><\/iframe><\/center><p><\/p>\t\t\t\t\t\t\t\t<\/div>\n\t\t\t\t<\/div>\n\t\t\t\t\t<\/div>\n\t\t<\/div>\n\t\t\t\t\t<\/div>\n\t\t<\/section>\n\t\t\t\t<\/div>\n\t\t","protected":false},"excerpt":{"rendered":"<p>La brasserie : Situ\u00e9e zone de Kervern \u00e0 Locmiqu\u00e9lic , vous pouvez venir directement vous y ravitailler , visiter et bient\u00f4t boire une petite mousse sur place . Les points de vente partenaires : Rouge : La brasserie Jaune : Points de vente partenaires&nbsp;<\/p>\n","protected":false},"author":1,"featured_media":0,"parent":0,"menu_order":0,"comment_status":"closed","ping_status":"closed","template":"page-templates\/template-pagebuilder-full-width.php","meta":{"neve_meta_sidebar":"","neve_meta_container":"","neve_meta_enable_content_width":"","neve_meta_content_width":0,"neve_meta_title_alignment":"","neve_meta_author_avatar":"","neve_post_elements_order":"","neve_meta_disable_header":"","neve_meta_disable_footer":"","neve_meta_disable_title":"on","footnotes":""},"class_list":["post-120","page","type-page","status-publish","hentry"],"yoast_head":"<!-- This site is optimized with the Yoast SEO plugin v27.3 - https:\/\/yoast.com\/product\/yoast-seo-wordpress\/ -->\n<title>Point de vente - YermatBier<\/title>\n<meta name=\"robots\" content=\"index, follow, max-snippet:-1, max-image-preview:large, max-video-preview:-1\" \/>\n<link rel=\"canonical\" href=\"https:\/\/yermatbier.fr\/?page_id=120\" \/>\n<meta property=\"og:locale\" content=\"fr_FR\" \/>\n<meta property=\"og:type\" content=\"article\" \/>\n<meta property=\"og:title\" content=\"Point de vente - YermatBier\" \/>\n<meta property=\"og:description\" content=\"La brasserie : Situ\u00e9e zone de Kervern \u00e0 Locmiqu\u00e9lic , vous pouvez venir directement vous y ravitailler , visiter et bient\u00f4t boire une petite mousse sur place . Les points de vente partenaires : Rouge : La brasserie Jaune : Points de vente partenaires&nbsp;\" \/>\n<meta property=\"og:url\" content=\"https:\/\/yermatbier.fr\/?page_id=120\" \/>\n<meta property=\"og:site_name\" content=\"YermatBier\" \/>\n<meta property=\"article:modified_time\" content=\"2026-04-14T13:32:20+00:00\" \/>\n<meta property=\"og:image\" content=\"http:\/\/yermatbier.fr\/wp-content\/uploads\/2022\/01\/Capture-1024x696.png\" \/>\n<meta name=\"twitter:card\" content=\"summary_large_image\" \/>\n<meta name=\"twitter:label1\" content=\"Dur\u00e9e de lecture estim\u00e9e\" \/>\n\t<meta name=\"twitter:data1\" content=\"1 minute\" \/>\n<script type=\"application\/ld+json\" class=\"yoast-schema-graph\">{\"@context\":\"https:\\\/\\\/schema.org\",\"@graph\":[{\"@type\":\"WebPage\",\"@id\":\"https:\\\/\\\/yermatbier.fr\\\/?page_id=120\",\"url\":\"https:\\\/\\\/yermatbier.fr\\\/?page_id=120\",\"name\":\"Point de vente - YermatBier\",\"isPartOf\":{\"@id\":\"https:\\\/\\\/yermatbier.fr\\\/#website\"},\"primaryImageOfPage\":{\"@id\":\"https:\\\/\\\/yermatbier.fr\\\/?page_id=120#primaryimage\"},\"image\":{\"@id\":\"https:\\\/\\\/yermatbier.fr\\\/?page_id=120#primaryimage\"},\"thumbnailUrl\":\"http:\\\/\\\/yermatbier.fr\\\/wp-content\\\/uploads\\\/2022\\\/01\\\/Capture-1024x696.png\",\"datePublished\":\"2022-01-04T08:58:26+00:00\",\"dateModified\":\"2026-04-14T13:32:20+00:00\",\"breadcrumb\":{\"@id\":\"https:\\\/\\\/yermatbier.fr\\\/?page_id=120#breadcrumb\"},\"inLanguage\":\"fr-FR\",\"potentialAction\":[{\"@type\":\"ReadAction\",\"target\":[\"https:\\\/\\\/yermatbier.fr\\\/?page_id=120\"]}]},{\"@type\":\"ImageObject\",\"inLanguage\":\"fr-FR\",\"@id\":\"https:\\\/\\\/yermatbier.fr\\\/?page_id=120#primaryimage\",\"url\":\"http:\\\/\\\/yermatbier.fr\\\/wp-content\\\/uploads\\\/2022\\\/01\\\/Capture-1024x696.png\",\"contentUrl\":\"http:\\\/\\\/yermatbier.fr\\\/wp-content\\\/uploads\\\/2022\\\/01\\\/Capture-1024x696.png\"},{\"@type\":\"BreadcrumbList\",\"@id\":\"https:\\\/\\\/yermatbier.fr\\\/?page_id=120#breadcrumb\",\"itemListElement\":[{\"@type\":\"ListItem\",\"position\":1,\"name\":\"Accueil\",\"item\":\"https:\\\/\\\/yermatbier.fr\\\/\"},{\"@type\":\"ListItem\",\"position\":2,\"name\":\"Point de vente\"}]},{\"@type\":\"WebSite\",\"@id\":\"https:\\\/\\\/yermatbier.fr\\\/#website\",\"url\":\"https:\\\/\\\/yermatbier.fr\\\/\",\"name\":\"YermatBier\",\"description\":\"\",\"publisher\":{\"@id\":\"https:\\\/\\\/yermatbier.fr\\\/#organization\"},\"potentialAction\":[{\"@type\":\"SearchAction\",\"target\":{\"@type\":\"EntryPoint\",\"urlTemplate\":\"https:\\\/\\\/yermatbier.fr\\\/?s={search_term_string}\"},\"query-input\":{\"@type\":\"PropertyValueSpecification\",\"valueRequired\":true,\"valueName\":\"search_term_string\"}}],\"inLanguage\":\"fr-FR\"},{\"@type\":\"Organization\",\"@id\":\"https:\\\/\\\/yermatbier.fr\\\/#organization\",\"name\":\"micro brasserie yermatbier locmiqu\u00e9lic\",\"url\":\"https:\\\/\\\/yermatbier.fr\\\/\",\"logo\":{\"@type\":\"ImageObject\",\"inLanguage\":\"fr-FR\",\"@id\":\"https:\\\/\\\/yermatbier.fr\\\/#\\\/schema\\\/logo\\\/image\\\/\",\"url\":\"https:\\\/\\\/yermatbier.fr\\\/wp-content\\\/uploads\\\/2022\\\/01\\\/244414436_1555273158154322_5968613582070822783-moyen-_n.png\",\"contentUrl\":\"https:\\\/\\\/yermatbier.fr\\\/wp-content\\\/uploads\\\/2022\\\/01\\\/244414436_1555273158154322_5968613582070822783-moyen-_n.png\",\"width\":1596,\"height\":1252,\"caption\":\"micro brasserie yermatbier locmiqu\u00e9lic\"},\"image\":{\"@id\":\"https:\\\/\\\/yermatbier.fr\\\/#\\\/schema\\\/logo\\\/image\\\/\"}}]}<\/script>\n<!-- \/ Yoast SEO plugin. -->","yoast_head_json":{"title":"Point de vente - YermatBier","robots":{"index":"index","follow":"follow","max-snippet":"max-snippet:-1","max-image-preview":"max-image-preview:large","max-video-preview":"max-video-preview:-1"},"canonical":"https:\/\/yermatbier.fr\/?page_id=120","og_locale":"fr_FR","og_type":"article","og_title":"Point de vente - YermatBier","og_description":"La brasserie : Situ\u00e9e zone de Kervern \u00e0 Locmiqu\u00e9lic , vous pouvez venir directement vous y ravitailler , visiter et bient\u00f4t boire une petite mousse sur place . Les points de vente partenaires : Rouge : La brasserie Jaune : Points de vente partenaires&nbsp;","og_url":"https:\/\/yermatbier.fr\/?page_id=120","og_site_name":"YermatBier","article_modified_time":"2026-04-14T13:32:20+00:00","og_image":[{"url":"http:\/\/yermatbier.fr\/wp-content\/uploads\/2022\/01\/Capture-1024x696.png","type":"","width":"","height":""}],"twitter_card":"summary_large_image","twitter_misc":{"Dur\u00e9e de lecture estim\u00e9e":"1 minute"},"schema":{"@context":"https:\/\/schema.org","@graph":[{"@type":"WebPage","@id":"https:\/\/yermatbier.fr\/?page_id=120","url":"https:\/\/yermatbier.fr\/?page_id=120","name":"Point de vente - YermatBier","isPartOf":{"@id":"https:\/\/yermatbier.fr\/#website"},"primaryImageOfPage":{"@id":"https:\/\/yermatbier.fr\/?page_id=120#primaryimage"},"image":{"@id":"https:\/\/yermatbier.fr\/?page_id=120#primaryimage"},"thumbnailUrl":"http:\/\/yermatbier.fr\/wp-content\/uploads\/2022\/01\/Capture-1024x696.png","datePublished":"2022-01-04T08:58:26+00:00","dateModified":"2026-04-14T13:32:20+00:00","breadcrumb":{"@id":"https:\/\/yermatbier.fr\/?page_id=120#breadcrumb"},"inLanguage":"fr-FR","potentialAction":[{"@type":"ReadAction","target":["https:\/\/yermatbier.fr\/?page_id=120"]}]},{"@type":"ImageObject","inLanguage":"fr-FR","@id":"https:\/\/yermatbier.fr\/?page_id=120#primaryimage","url":"http:\/\/yermatbier.fr\/wp-content\/uploads\/2022\/01\/Capture-1024x696.png","contentUrl":"http:\/\/yermatbier.fr\/wp-content\/uploads\/2022\/01\/Capture-1024x696.png"},{"@type":"BreadcrumbList","@id":"https:\/\/yermatbier.fr\/?page_id=120#breadcrumb","itemListElement":[{"@type":"ListItem","position":1,"name":"Accueil","item":"https:\/\/yermatbier.fr\/"},{"@type":"ListItem","position":2,"name":"Point de vente"}]},{"@type":"WebSite","@id":"https:\/\/yermatbier.fr\/#website","url":"https:\/\/yermatbier.fr\/","name":"YermatBier","description":"","publisher":{"@id":"https:\/\/yermatbier.fr\/#organization"},"potentialAction":[{"@type":"SearchAction","target":{"@type":"EntryPoint","urlTemplate":"https:\/\/yermatbier.fr\/?s={search_term_string}"},"query-input":{"@type":"PropertyValueSpecification","valueRequired":true,"valueName":"search_term_string"}}],"inLanguage":"fr-FR"},{"@type":"Organization","@id":"https:\/\/yermatbier.fr\/#organization","name":"micro brasserie yermatbier locmiqu\u00e9lic","url":"https:\/\/yermatbier.fr\/","logo":{"@type":"ImageObject","inLanguage":"fr-FR","@id":"https:\/\/yermatbier.fr\/#\/schema\/logo\/image\/","url":"https:\/\/yermatbier.fr\/wp-content\/uploads\/2022\/01\/244414436_1555273158154322_5968613582070822783-moyen-_n.png","contentUrl":"https:\/\/yermatbier.fr\/wp-content\/uploads\/2022\/01\/244414436_1555273158154322_5968613582070822783-moyen-_n.png","width":1596,"height":1252,"caption":"micro brasserie yermatbier locmiqu\u00e9lic"},"image":{"@id":"https:\/\/yermatbier.fr\/#\/schema\/logo\/image\/"}}]}},"_links":{"self":[{"href":"https:\/\/yermatbier.fr\/index.php?rest_route=\/wp\/v2\/pages\/120","targetHints":{"allow":["GET"]}}],"collection":[{"href":"https:\/\/yermatbier.fr\/index.php?rest_route=\/wp\/v2\/pages"}],"about":[{"href":"https:\/\/yermatbier.fr\/index.php?rest_route=\/wp\/v2\/types\/page"}],"author":[{"embeddable":true,"href":"https:\/\/yermatbier.fr\/index.php?rest_route=\/wp\/v2\/users\/1"}],"replies":[{"embeddable":true,"href":"https:\/\/yermatbier.fr\/index.php?rest_route=%2Fwp%2Fv2%2Fcomments&post=120"}],"version-history":[{"count":20,"href":"https:\/\/yermatbier.fr\/index.php?rest_route=\/wp\/v2\/pages\/120\/revisions"}],"predecessor-version":[{"id":1926,"href":"https:\/\/yermatbier.fr\/index.php?rest_route=\/wp\/v2\/pages\/120\/revisions\/1926"}],"wp:attachment":[{"href":"https:\/\/yermatbier.fr\/index.php?rest_route=%2Fwp%2Fv2%2Fmedia&parent=120"}],"curies":[{"name":"wp","href":"https:\/\/api.w.org\/{rel}","templated":true}]}}